pose -16 = -2*b - n. What are the prime factors of b?
7
Suppose 0 = 6*f + 74 + 10. Let v be (-2)/f - (-340)/70. Suppose b = v*j - 1044, j = 5*j + 2*b - 824. List the prime factors of j.
2, 13
Suppose -25144 = -2*z + 3*x + 19498, 44640 = 2*z - 2*x. What are the prime factors of z?
2, 11159
Let p(v) = v - 13. Let n(y) = -4*y + 63. Let d(b) = -2*n(b) - 11*p(b). Let l be d(5). Suppose -o + 186 = 5*j, -l*j + 122 = j - 2*o. List the prime factors of j.
2, 19
Suppose m = -23*m - 175914 + 442986. What are the prime factors of m?
2, 13, 107
What are the prime factors of (-15907120)/(-960) - 2/(-24)?
2, 5, 1657
Suppose -123*q + 49232 = -106*q. List the prime factors of q.
2, 181
Let n = 61 + -56. What are the prime factors of (-9)/3 + 610/n?
7, 17
Let d(n) = n**3 - 7*n**2 + 10*n + 2. Let c be d(5). Suppose -c*o + 7*o + 120 = 0. Let u = o + 65. List the prime factors of u.
41
Suppose -34*k + 59*k = 207925. What are the prime factors of k?
8317
Let y be 44*(-15)/21*126/4. What are the prime factors of -62*((-1)/4 + y/72)?
2, 7, 31
Suppose 0 = 15*w - 75 - 90. Suppose w*c - 727 = 791. Suppose -c = -2*k + h + 4*h, 5*h + 64 = k. List the prime factors of k.
2, 37
Let t be -3*(28/3 - 2). Let q = 38 + -42. Let o = q - t. What are the prime factors of o?
2, 3
Let a = 35 - -41. Let g = -47 + a. Let m = 16 + g. List the prime factors of m.
3, 5
Suppose -6*g + 77 - 17 = 0. Suppose -5*q = -0*s + s + g, -2*s - q = -7. Suppose -s*z + 27 = -33. What are the prime factors of z?
2, 3
Let z(t) = t**3 + t**2 + t - 1. Let i(r) = -15*r**2 + 5*r - 30. Let x(a) = -i(a) - z(a). What are the prime factors of x(11)?
2, 41
Let a(q) = q**3 - 7*q**2 - 26*q**2 - 20*q**2 + q + 53*q**2. Suppose 2*s = 5*d - 23, 4*d + 0*s - 18 = 2*s. List the prime factors of a(d).
2, 5, 13
Let q(t) = t**2 + 20*t - 77. Let d be q(-23). Let c(u) = -26*u - 14. What are the prime factors of c(d)?
2, 97
Suppose 0 = -3*v - 2*r - 43, 3*v - 5*r + 13 - 5 = 0. Let m(i) = 0*i**2 + 16 - i**3 - 10*i**2 + 12*i + 0*i**3. What are the prime factors of m(v)?
5
Suppose -74623 = -4*d + 3*m, 0 = -2*d + 105*m - 107*m + 37294. What are the prime factors of d?
2, 4663
Suppose -104*j = -101*j - 9801. What are the prime factors of j?
3, 11
Let k = -72 + 82. Suppose 0*c + 10*c + k = 0. What are the prime factors of ((-406)/(-49))/(c/(-7))?
2, 29
Suppose 0 = 415*m - 816*m + 413*m - 48192. What are the prime factors of m?
2, 251
Suppose -110*h + 107*h + 2*a = -121471, 0 = 5*h - 4*a - 202449. What are the prime factors of h?
40493
Suppose -4*z - 12*j + 16*j = -56208, -28096 = -2*z + 4*j. List the prime factors of z.
2, 7, 251
Let z(i) = i**3 - 12*i**2 + 2*i - 17. Let m be z(12). Suppose -10*q + m*q = 0. Suppose -2*d + 2*s = -27 - 41, 4*d + 3*s - 122 = q. List the prime factors of d.
2
Let y(t) = 17*t**2 - 18*t - 49. Let r(z) = -6*z**2 + 8*z - 6. Let o be r(1). What are the prime factors of y(o)?
5, 59
Suppose 9608 = 4*q - 4*l, -2*q + 4803 = -12*l + 11*l. List the prime factors of q.
7
Let d = 63819 + -33886. What are the prime factors of d?
37, 809
Suppose 4*c + 4*h = 12, -c - 4*h = -4*c + 2. Suppose 16 = a + b, -c*a + 3*b + 20 = b. Suppose 0 = a*i - 977 - 765. What are the prime factors of i?
2, 67
What are the prime factors of ((-37395)/(-554))/(83/(-84) - -1)?
2, 3, 5, 7
Let u(y) = -y**2 + 7*y + 13. Let c be u(8). Suppose -3*m - m = 0. Suppose m = c*r + 3*s - 42, -3*r - 4*s + 2*s = -25. What are the prime factors of r?
3
List the prime factors of (-31)/(3 + 11/(154550/(-42160))).
5, 31, 281
Let g = 524 + -518. Suppose 11*n - 1865 = g*n. What are the prime factors of n?
373
Let s = -458 + 483. Suppose s*b = 13*b + 11376. What are the prime factors of b?
2, 3, 79
Suppose 19*s + 7794 = 25*s. Suppose -5*k = i - s, -4*i - 773 = -3*k - 3*i. List the prime factors of k.
7, 37
Let t(a) = 157*a + 46. Let y be t(5). What are the prime factors of 3/(9/y) + 1?
2, 139
What are the prime factors of (-66588)/(-2) + (-435)/(-29)?
3, 3701
Let b be (-8)/2 - (-140)/20. Suppose n - b*u - 326 = 0, 2*n - 2*u - 1334 = -2*n. List the prime factors of n.
5, 67
Let o = -19155 - -26893. What are the prime factors of o?
2, 53, 73
Suppose 0 = 4*z - 5*h - 176, -16 = 4*h - 0. Suppose z*k - 2100 = 33*k. What are the prime factors of k?
2, 5, 7
Suppose 0 = w - 93 - 70. Let u = 1268 + -1172. Let q = w - u. What are the prime factors of q?
67
Let b be (5/(-20))/(-3 - (-524)/176). What are the prime factors of b + -16 + (-1 - -25)?
19
Suppose 4*a - 24598 = -i + 42309, -2*i = -8*a + 133818. What are the prime factors of a?
43, 389
Suppose 7*j - 5*u = 10*j + 20, 2*u + 8 = 0. Suppose j = 33*p - 4589 - 35242. List the prime factors of p.
17, 71
Suppose 29 = 8*p - 11. Let m(t) = 48*t + 5*t**3 + 49*t - 98*t + 3*t**2 - 4*t**3 - 2. What are the prime factors of m(p)?
193
Suppose 0 = -5*b + 3*m + 210, -4*b + 83 = 3*m - 112. Let s = -25 + b. Suppose -s*j + 325 = -15*j. List the prime factors of j.
5, 13
Let w(o) = -14*o + 52 + 3*o**2 + 0*o**2 - 1 + 6. List the prime factors of w(13).
2, 191
Let o = 82 + -79. Suppose -15 = -8*r + o*r. Suppose -6*z = -2*n - r*z + 76, -n + 39 = -z. List the prime factors of n.
41
Let b(r) = r**2 - 217*r + 603. List the prime factors of b(-105).
3, 11471
Let l(c) = 2*c**3 - 27*c**2 + 14*c - 6. Let h be l(13). Suppose h*b - 3*d - 316 = 3*b, d + 78 = b. List the prime factors of b.
2, 41
Let j = 247 - 211. Let v(y) = -y**3 + 37*y**2 - 19*y + 96. What are the prime factors of v(j)?
2, 3, 59
Let v(c) = 2*c**2 - 8*c - 10. Let d = 109 - 107. Suppose d*a - 13 - 15 = 0. List the prime factors of v(a).
2, 3, 5
Let g(s) = -19*s - 71. Let v be g(-4). Suppose v*u = 93 + 167. What are the prime factors of u?
2, 13
What are the prime factors of 10/(-9) + 1 + (-9261740)/(-3420)?
2, 677
Let z = -11567 - -50053. What are the prime factors of z?
2, 7, 2749
Suppose -5*s + 4*i + 225873 = 0, 0 = -3*s + 53*i - 57*i + 135511. What are the prime factors of s?
199, 227
Suppose -4*l - 427 = -567. Suppose 0 = -0*v + 5*v + 165. Let q = l + v. List the prime factors of q.
2
Suppose -35*g - 73*g + 4339224 = 0. List the prime factors of g.
2, 20089
What are the prime factors of -17*(555 - -11)/(-2)?
17, 283
Let g(j) = j - 15. Let p be g(16). Let v be p/1 + -6 + 6*12. Let a = -50 + v. List the prime factors of a.
17
Suppose -r + 2*r = 4*h + 42, 3*r - 115 = h. Suppose 16*f = r*f - 4972. What are the prime factors of f?
2, 113
Let s(x) = 7 + 4 + 0 - 6*x + 5. Let a be s(-4). Suppose -4 = 2*g, a = -2*u + 4*g + 196. List the prime factors of u.
2, 37
Suppose 1044224 = -516*y + 7492427 + 9523029. List the prime factors of y.
2, 53, 73
Let t be (-8 - (-205)/10) + (-1)/(-2). Let q = 14 + 7. Let u = q + t. What are the prime factors of u?
2, 17
Let c be 1362/(-45) + (-408)/(-1530). Let p = 11 + -2. What are the prime factors of (c/4)/(p/(-48))?
2, 5
Let f(u) = -46*u**3 + 13*u**2 + 22*u + 12. What are the prime factors of f(-7)?
16273
Suppose 96*f - 605205 = 81*f. List the prime factors of f.
3, 4483
Let u(p) = -4*p - 32. Let n be u(-9). Suppose 0 = n*c - 16*c + 24. Suppose -c*r + 153 = -5*x, -2*r - 192 = -5*r - 5*x. List the prime factors of r.
3, 23
Let g(a) = 70*a**2 + 8*a + 3. Let i be g(-1). Let m = 444 + i. What are the prime factors of m?
509
Let b(o) = 206*o + 2. Let x be b(-2). Let h be (8/16*-1174)/(-1). Let t = h + x. List the prime factors of t.
3, 59
What are the prime factors of 13241808/432 - 5/(-3)?
2, 3, 13, 131
Let q = 3129 + 1371. What are the prime factors of q?
2, 3, 5
Suppose 0 = -3*c + 13 - 1. Suppose -c*j - 290 = 3*g - g, 0 = -2*j + 8. List the prime factors of g*((-14)/3 - -4).
2, 3, 17
Let g(r) = -3*r**2 + 51*r + 1. Let t be g(17). Suppose -3*c - 3*q - 152 = -1358, q - t = 0. What are the prime factors of c?
401
Suppose 13*v + 4*d = 18*v - 97183, 19452 = v - 3*d. List the prime factors of v.
3, 17, 127
What are the prime factors of 2 - (-4 + -1) - (-5442)/6?
2, 457
Suppose -18 = 3*u - 3*p, 0 = -u - 0*u - 2*p. List the prime factors of -1 + u - (-7 - (9 + 1240)).
3, 139
Let p(t) = -t**2 + 9*t + 138. Let n be p(17). Suppose -n*h + 1066 = 5*u, 0*h - 3*u - 533 = -h. What are the prime factors of h?
13, 41
Suppose -5*j = 5*x - 8 + 28, -21 = -j + 4*x. Let s(y) = 307*y + 7. Let g be s(j). Suppose -2 = 5*v + 3, 2*v - g = -4*m. What are the prime factors of m?
79
